pose -4*w = 2*o - 30, 2*o - 1 - 11 = 5*w. Calculate the remainder when o is divided by 2/8 - 27/(-4).
4
Let c = -16 + 25. Calculate the remainder when 35/1*(0 + 1) is divided by c.
8
Suppose -8 = -12*k + 10*k. Let j(o) be the third derivative of o**4/8 - o**3 - 2*o**2. What is the remainder when 10 is divided by j(k)?
4
Let z be 1/1*34/(-2). Let r = 25 + z. What is the remainder when r is divided by ((-4)/6)/(2/(-15))?
3
Suppose -5*p + 3*x + 45 = 0, 3*p + 2*x - 21 = 25. Suppose p = -4*r + 76. Calculate the remainder when 77 is divided by r.
13
Suppose 23 = 3*r - 31. Calculate the remainder when 88 is divided by r.
16
Suppose 5*c + 17 = 97. Calculate the remainder when 30 is divided by c.
14
Suppose -5*p - 4*j = -0*j - 289, 2*j - 173 = -3*p. What is the remainder when 224 is divided by p?
53
Let s(r) = 5*r**3 - 2*r**2 + 7*r - 5. Calculate the remainder when 204 is divided by s(2).
40
Calculate the remainder when (-2)/7 + 774/14 is divided by 14.
13
Suppose 5*t - 5*p - 241 = 544, -p = 4*t - 623. Calculate the remainder when t is divided by 53.
50
Suppose -l + 2*l = 4*q + 6, 5*l - 30 = 2*q. Calculate the remainder when (-1 - (-16)/(-2))*-1 is divided by 160/35 + l/14.
4
Let y(s) = -s + 14. Let x be y(9). Suppose 7 = x*v - 23. Calculate the remainder when (v/15)/(3/15) is divided by 1.
0
Let o(l) = 6*l + 2. Let c be o(-7). Let v = c - -58. What is the remainder when 70 is divided by v?
16
What is the remainder when (-266)/(-10) - (-18)/(-30) is divided by 9?
8
Let n = -37 + 57. Suppose 5*t + 9 = 3*a - 26, -2*t = -a + 11. Calculate the remainder when n is divided by 168/a + 1/(-5).
9
Let s(t) = -t + 5. Let h be s(0). Suppose 4*w - h*w = -9. What is the remainder when 16 is divided by w?
7
Let t(i) be the first derivative of -19*i**4/4 - i**3/3 - i**2/2 - 2. Let z(s) = -s**2 - 8*s - 2. Calculate the remainder when t(-1) is divided by z(-6).
9
Suppose 0 = 5*s - 209 + 44. Calculate the remainder when s is divided by 9.
6
Let p(s) = 26*s**3 + 2*s**2 - 3*s + 2. What is the remainder when p(1) is divided by 72/5 + 2/(-5)?
13
Let g(b) = b**2 - b - 89. Let z be g(0). Let l = z + 128. Calculate the remainder when l is divided by 14.
11
Suppose -3 = y - 7. Let l = 111 + -100. What is the remainder when l is divided by y?
3
Suppose o = -2*y, -o - 3*y = -2*o. Suppose o = -i - 4*i + 320. What is the remainder when i is divided by 22?
20
Suppose -5*c - 4*o + 25 = 0, 4*c - 5*o - 10 = 2*c. Suppose b = -3*m + 5*b + 119, -c*m = 4*b - 145. What is the remainder when m is divided by 17?
16
What is the remainder when 132 is divided by (-193)/(-13) + 82/26 + -3?
12
Let s = -13 - -77. What is the remainder when s is divided by 23?
18
Suppose -151*l + 154*l - 96 = 0. Let u = 113 - 74. Suppose 4*o - 5*g = 93, 4*o - 2*o - g = u. Calculate the remainder when l is divided by o.
15
Let j = 312 - 219. What is the remainder when j is divided by 64/(-1*(-4 - -2))?
29
Suppose -2*y - 455 = -7*y. Calculate the remainder when y is divided by 19.
15
Let k = 15 + -15. Suppose -2*a - 8 = k, -v + 4*a = -4*v + 35. Calculate the remainder when v is divided by 9.
8
Let j = -24 + 29. Let l = 12 - j. Calculate the remainder when l is divided by 5.
2
Let o be 16/10 + 4/10. Suppose w + o*w = 21. Calculate the remainder when 27 is divided by w.
6
Let o = -82 - -138. Let b = 37 + -22. What is the remainder when o is divided by b?
11
Let z(o) be the first derivative of 2*o**2 + 2*o - 2. Calculate the remainder when 53 is divided by z(3).
11
Let y(d) = 6*d**2 - 4*d + 2. Let l(a) = a**2 + a + 3. Calculate the remainder when y(3) is divided by l(-4).
14
Let s be (-2233)/(-42) + 1/(-6). Suppose 5*f - 4*y = s, -4*f + 3*y + 61 = 6*y. What is the remainder when f is divided by 5?
3
Let x(v) = -6*v**3 - 2*v - 1. Let w be x(-1). Let k(a) = a - 4. What is the remainder when k(w) is divided by 2?
1
Suppose -20*x + 95 = -15*x. Calculate the remainder when 73 is divided by x.
16
Let k be 2/(34/10 - 3). Suppose 2*c - 41 = -3*x + 57, 0 = 5*c + k*x - 250. Calculate the remainder when c is divided by 18.
16
Let l be 6/15 + 24/15. Suppose -30 = l*g - 7*g. Let w = 42 - 25. What is the remainder when w is divided by g?
5
Let q = -28 - -42. What is the remainder when 26 is divided by q?
12
Let i(h) = 39*h**2 - h + 2. Calculate the remainder when i(1) is divided by 6/(-1 + (-18)/(-14)).
19
Let k(u) = -u**2 + 11*u - 3. Let f = -31 + 18. Let z(x) = -2*x**2 + 23*x - 6. Let d(p) = f*k(p) + 6*z(p). What is the remainder when d(6) is divided by 4?
1
Let r be 3 - 5 - 3/(-1). What is the remainder when (2*-5*-2)/r is divided by 8 + 2/(-2)*1?
6
Let i = 4 - -13. Let o = 31 - i. What is the remainder when 26 is divided by o?
12
Suppose 4*i - 18 = -r + 3*r, 3*i + r = 21. Calculate the remainder when 12 - 4/i*-3 is divided by 8 - ((-4)/(-2) - 2).
6
Suppose 3*t + t + 13 = g, g - 2*t = 9. Calculate the remainder when 12 is divided by g.
2
Suppose 4*h - 93 = -17. Suppose -3*v + 0*o + 165 = -2*o, -4*o - 110 = -2*v. What is the remainder when v is divided by h?
17
Let s(u) = -4*u**2 - 3*u + 1. Let n be s(-4). Suppose 7 = -3*k + 154. Calculate the remainder when k is divided by -2*n/(-12)*-2.
15
Suppose 0*g - 3*g = -63. Let x(s) = 2*s**2 + 7*s. Let m be x(-6). Let n = m - g. Calculate the remainder when 26 is divided by n.
8
Let p(u) = -u**2 - 9*u - 7. Let s be (1 - -1)*15/(-6). What is the remainder when -8*(1 - 11/2) is divided by p(s)?
10
Let n(z) = 4*z - 3. Let p(y) = y - 6*y**2 - 5 + 1 + y**3 - 7*y + 0*y**2. What is the remainder when n(3) is divided by p(7)?
0
Let r(c) = 2*c + 4. Let x be r(-8). Let n = x - -21. What is the remainder when 25 is divided by n?
7
Let k(u) = -u + 35. Let c be k(0). Let j = 50 - c. What is the remainder when j is divided by 8?
7
Let h(j) = j + 15. Suppose 2*u - 3*y = u + 53, y = 5*u - 209. Calculate the remainder when u is divided by h(7).
19
Calculate the remainder when 43 is divided by 3 + ((-72)/(-2))/3.
13
Suppose 8*c = 16*c - 792. What is the remainder when c is divided by 6?
3
Let h = 51 + 23. Let p = -30 + 49. What is the remainder when h is divided by p?
17
Let j = -4 + 6. Let d(k) = -4 + 3*k - 3*k - j*k**3 - 4*k**2. Calculate the remainder when 40 is divided by d(-3).
12
Let h(a) = a**3 + 4*a**2 - 5*a - 5. Let j be h(-4). Suppose -3*f + 2*g - 9 = -24, j = 3*f + 4*g. Calculate the remainder when 8 is divided by f.
3
Let s be 2524/18 - (-4)/(-18). Suppose 36 = u + 3*i, 5*i = 3*u + 2*u - s. What is the remainder when 117 is divided by u?
27
Let i = 2 + 7. Let h = i - 1. What is the remainder when 14 is divided by h?
6
Suppose 2 = 5*h - 4*h. Suppose w - 30 = -h*w. What is the remainder when 27 is divided by w?
7
Calculate the remainder when 35 is divided by (-695)/(-35) + -8 + (-1)/(-7).
11
Let x(m) = m + 3. What is the remainder when 61 is divided by x(5)?
5
Let y be -1 + (-5)/((-10)/4). What is the remainder when (-1)/((-24)/22 + y) is divided by 7?
4
Suppose 2*i + 332 = 4*u + 80, 10 = -5*i. What is the remainder when u is divided by 33?
29
Let i(y) = -2*y - 11. Let w be i(-6). Let u(c) = 10*c**2 + 5*c + 4. Let p be u(-3). Suppose -p = -5*d + w. Calculate the remainder when d is divided by 6.
4
Let f(m) = -5*m - 10. Let j be f(-9). Suppose -s - 4*s = -j. What is the remainder when 63/5 + (-4)/(-10) is divided by s?
6
Let x = 46 - 10. Suppose 10 = 2*u + 4*k - 16, -2*u = 2*k - x. What is the remainder when u is divided by 12?
11
Suppose 2*n = 22 + 4. Let z = n - 11. What is the remainder when 6 is divided by z?
0
Let o(p) = -p**3 + 3*p**2 + p + 1. Let s be o(3). Suppose -5 = -5*c + s*c. What is the remainder when 9 is divided by c?
4
What is the remainder when 72 is divided by (481/(-26))/(5/(-2) - -2)?
35
Suppose -2*l + 43 = 13. Calculate the remainder when 74 is divided by l.
14
Suppose -20*b + 22*b = 192. Calculate the remainder when b is divided by 50.
46
Let q(p) = p**2 + 7*p + 1. What is the remainder when 35 is divided by q(-9)?
16
Calculate the remainder when 9 is divided by -2 + (2 - 0) - -3.
0
Let h be (-4)/(-18) + (-97)/(-9). Let g = -6 + h. Let j(x) = -8*x - 11. Calculate the remainder when j(-3) is divided by g.
3
Suppose -188 = -5*d + 7. Calculate the remainder when d is divided by 21.
18
Suppose 136 = 5*n - n. What is the remainder when n is divided by 18?
16
Suppose 3*n + 3*s -